it of 58388617?
7
What is the millions digit of 306522935?
6
What is the ten thousands digit of 202441015?
4
What is the hundreds digit of 53265487?
4
What is the tens digit of 1948526004?
0
What is the hundred millions digit of 1468982830?
4
What is the billions digit of 2334010773?
2
What is the hundred millions digit of 235064966?
2
What is the units digit of 169116744?
4
What is the tens digit of 1237637437?
3
What is the thousands digit of 1987446139?
6
What is the units digit of 386331464?
4
What is the tens digit of 668215424?
2
What is the units digit of 69312737?
7
What is the units digit of 293122979?
9
What is the hundred millions digit of 3210397773?
2
What is the millions digit of 3246806125?
6
What is the ten millions digit of 36692018?
3
What is the hundred thousands digit of 248125?
2
What is the millions digit of 1953528784?
3
What is the tens digit of 106199624?
2
What is the tens digit of 19050198?
9
What is the millions digit of 2453346240?
3
What is the units digit of 111160141?
1
What is the hundreds digit of 2400908597?
5
What is the ten thousands digit of 456536075?
3
What is the ten thousands digit of 189498737?
9
What is the millions digit of 276729291?
6
What is the ten thousands digit of 445082624?
8
What is the units digit of 240193902?
2
What is the ten millions digit of 424520289?
2
What is the billions digit of 2701838272?
2
What is the ten millions digit of 862441046?
6
What is the hundred thousands digit of 6974325043?
3
What is the ten millions digit of 221538624?
2
What is the units digit of 19266806?
6
What is the ten thousands digit of 42805811?
0
What is the tens digit of 250742707?
0
What is the hundred thousands digit of 1706121210?
1
What is the tens digit of 9403815?
1
What is the thousands digit of 85667464?
7
What is the units digit of 8815336?
6
What is the tens digit of 114848840?
4
What is the millions digit of 2248600297?
8
What is the millions digit of 2089970329?
9
What is the hundreds digit of 100016688?
6
What is the billions digit of 3885367665?
3
What is the hundred thousands digit of 85777322?
7
What is the units digit of 186218889?
9
What is the millions digit of 256337732?
6
What is the ten thousands digit of 1068591024?
9
What is the tens digit of 2144910093?
9
What is the thousands digit of 3458215500?
5
What is the ten thousands digit of 327871328?
7
What is the tens digit of 83734954?
5
What is the tens digit of 7431409?
0
What is the ten millions digit of 22195219?
2
What is the hundred millions digit of 293096356?
2
What is the hundred thousands digit of 19279983?
2
What is the tens digit of 53316536?
3
What is the millions digit of 354921741?
4
What is the ten thousands digit of 38673794?
7
What is the ten thousands digit of 170000902?
0
What is the ten millions digit of 481932235?
8
What is the hundred thousands digit of 616022723?
0
What is the tens digit of 4128468370?
7
What is the ten thousands digit of 84357581?
5
What is the ten thousands digit of 7562018?
6
What is the units digit of 160440649?
9
What is the ten thousands digit of 1798421367?
2
What is the tens digit of 102963956?
5
What is the hundred thousands digit of 69400450?
4
What is the millions digit of 113768256?
3
What is the tens digit of 971297094?
9
What is the units digit of 928796257?
7
What is the hundred thousands digit of 3268934024?
9
What is the units digit of 14201830?
0
What is the ten millions digit of 257912395?
5
What is the ten millions digit of 58392299?
5
What is the tens digit of 23317439?
3
What is the units digit of 327002168?
8
What is the tens digit of 68609464?
6
What is the units digit of 70212896?
6
What is the thousands digit of 71291552?
1
What is the hundreds digit of 77951062?
0
What is the hundred thousands digit of 168129812?
1
What is the hundreds digit of 197566798?
7
What is the thousands digit of 47085522?
5
What is the hundred millions digit of 2943509543?
9
What is the tens digit of 515132925?
2
What is the ten millions digit of 74731998?
7
What is the units digit of 14161152?
2
What is the ten millions digit of 740552996?
4
What is the hundred millions digit of 178684072?
1
What is the hundred millions digit of 719875944?
7
What is the tens digit of 515846952?
5
What is the units digit of 1091524?
4
What is the ten millions digit of 81211693?
8
What is the ten thousands digit of 22186228?
8
What is the ten millions digit of 147695832?
4
What is the hundred millions digit of 3217749286?
2
What is the ten thousands digit of 53227213?
2
What is the hundred thousands digit of 80513934?
5
What is the units digit of 645102705?
5
What is the hundred thousands digit of 50707724?
7
What is the tens digit of 1413129835?
3
What is the tens digit of 142155264?
6
What is the millions digit of 502981810?
2
What is the units digit of 526982144?
4
What is the units digit of 134018716?
6
What is the hundred millions digit of 716579493?
7
What is the hundred thousands digit of 35973252?
9
What is the hundreds digit of 36096867?
8
What is the ten millions digit of 89632560?
8
What is the millions digit of 6723325152?
3
What is the hundreds digit of 790193645?
6
What is the thousands digit of 423857428?
7
What is the hundreds digit of 444291855?
8
What is the units digit of 676501418?
8
What is the ten millions digit of 276944319?
7
What is the ten thousands digit of 1170551?
7
What is the ten millions digit of 397561287?
9
What is the ten thousands digit of 54790118?
9
What is the units digit of 179776179?
9
What is the hundreds digit of 172444585?
5
What is the billions digit of 1897138826?
1
What is the millions digit of 1969097515?
9
What is the tens digit of 21924789?
8
What is the hundreds digit of 4228303096?
0
What is the units digit of 1062710101?
1
What is the ten thousands digit of 40108235?
0
What is the ten thousands digit of 9601927?
0
What is the hundred millions digit of 1566592961?
5
What is the millions digit of 422121541?
2
What is the units digit of 88624809?
9
What is the ten thousands digit of 21434026?
3
What is the units digit of 475845866?
6
What is the thousands digit of 2121447732?
7
What is the ten thousands digit of 399068124?
6
What is the hundreds digit of 103768563?
5
What is the billions digit of 3718538445?
3
What is the hundreds digit of 50318095?
0
What is the millions digit of 1887877021?
7
What is the ten millions digit of 2879373324?
7
What is the thousands digit of 64424059?
4
What is the hundred millions digit of 137146612?
1
What is the millions digit of 4048252011?
8
What is the hundreds digit of 78341037?
0
What is the units digit of 2628074171?
1
What is the hundred thousands digit of 1349592379?
5
What is the thousands digit of 1676642712?
2
What is the units digit of 19954191?
1
What is the tens digit of 941630229?
2
What is the thousands digit of 944997204?
7
What is the millions digit of 131785072?
1
What is the ten millions digit of 105791407?
0
What is the units digit of 20591703?
3
What is the ten millions digit of 565812794?
6
What is the thousands digit of 258703225?
3
What is the units digit of 2335233879?
9
What is the tens digit of 2593343318?
1
What is the units digit of 131427763?
3
What is the hundred thousands digit of 1693349230?
3
What is the hundred thousands digit of 865468248?
4
What is the tens digit of 150841627?
2
What is the billions digit of 4277330316?
4
What is the hundred thousands digit of 127903565?
9
What is the units digit of 141932225?
5
What is the ten millions digit of 164114577?
6
What is the tens digit of 85896649?
4
What is the thousands digit of 1440821522?
1
What is the tens digit of 203628265?
6
What is the hundred thousands digit of 188859516?
8
What is the hundreds digit of 275578994?
9
What is the ten millions digit of 218023845?
1
What is the ten thousands digit of 757373967?
7
What is the hundred millions digit of 166805436?
1
What is the ten thousands digit of 47226690?
2
What is the tens digit of 785674431?
3
What is the hundred thousands digit of 556862950?
8
What is the millions digit of 7754003?
7
What is the thousands digit of 106171608?
1
What is the thousands digit of 2456926537?
6
What is the tens digit of 87590807?
0
What is the hundreds digit of 17318467?
4
What is the millions digit of